{"id":2,"date":"2014-08-11T09:35:48","date_gmt":"2014-08-11T09:35:48","guid":{"rendered":"http:\/\/fgtss.de\/wp\/?page_id=2"},"modified":"2025-11-09T17:43:05","modified_gmt":"2025-11-09T16:43:05","slug":"beispiel-seite","status":"publish","type":"page","link":"https:\/\/fgtss.de\/","title":{"rendered":"Freizeitgruppe Tanzsport Siemens Erlangen"},"content":{"rendered":"<div class=\"wp-block-image\">\n<figure class=\"alignleft\"><img loading=\"lazy\" decoding=\"async\" width=\"150\" height=\"204\" src=\"http:\/\/fgtss.de\/wp-content\/uploads\/2014\/08\/Ball2EE.jpg\" alt=\"\" class=\"wp-image-121\"\/><\/figure>\n<\/div>\n\n<font size=\"+1\"><b>Aktuelles aus dem Tanzuniversum<\/b><\/font>\n\n\n<p><a href=\"https:\/\/fgtss.de\/?page_id=3456\"><strong>Tanzkurs f\u00fcr Wiedereinsteiger ab Januar 2026 &#8211; Warteliste<\/strong><\/a><\/p>\n<p><a href=\"https:\/\/fgtss.de\/?page_id=51\"><b>1. &#8211; 25. August 2025: Erlangen tanzt<\/b><\/a><\/p>\n\n\n\n<h2 class=\"wp-block-heading\">Die Freizeitgruppe Tanzsport Siemens Erlangen<\/h2>\n\n\n\n<p>Die Freizeitgruppe Tanzsport Siemens Erlangen wurde im Jahr 1958 gegr\u00fcndet.<\/p>\n\n\n\n<p>Wir trainieren im \u201eTanzkreis-Niveau&#8220; Basics, Sequenzen und Figuren aus den Standard- und Latein-T\u00e4nzen. <\/p>\n\n\n\n<p>Tanzen &#8211; die Umsetzung von Musik in harmonische Bewegungsabl\u00e4ufe &#8211; ist ein Sport f\u00fcr jedes Alter, der den ganzen K\u00f6rper fordert. <br>Tanzen h\u00e4lt fit, trainiert Bewegung, Koordination, Ausdauer und die Choreographien halten das Ged\u00e4chtnis in Schwung.  <br>W\u00f6chentliches Training durch einen Tanzlehrer mit jahrelanger Erfahrung in Standard- und Latein-T\u00e4nzen stabilisiert unseren Tanzsport. <\/p>\n\n\n\n<p>Der Fokus unseres Tanztrainings liegt auf dem Welttanzpogramm mit den Standard- und Latein-T\u00e4nzen:&nbsp; Quickstep,&nbsp; Rumba, Langsamer Walzer, Tango, Paso Doble, Wiener Walzer, Slowfox,&nbsp; Samba,&nbsp; Cha-Cha-Cha, Jive, Salsa, Discofox und Hustle.<\/p>\n\n\n\n<p>Das &#8222;Welttanzprogramm f\u00fcr den Paartanz&#8220; ist 2018 von der UNESCO als <a href=\"https:\/\/www.unesco.de\/kultur-und-natur\/immaterielles-kulturerbe\/immaterielles-kulturerbe-deutschland\/bundesweites-88\">immaterielles Kulturerbe<\/a> anerkannt worden.<\/p>\n\n\n\n<p>Die Freizeitgruppe Tanzsport Siemens ist Mitglied in der Freizeitgemeinschaft Siemens Erlangen e.V  <a href=\"https:\/\/www.freizeitgemeinschaft-siemens-erlangen.de\">https:\/\/www.freizeitgemeinschaft-siemens-erlangen.de<\/a> <\/p>\n\n\n\n<p><span class=\"auto-style33\">Kontakt zur Freizeitgruppe Tanzsport Siemens Erlangen: E-Mail: <a href=\"mailto:info@fgtss.de\"> info@fgtss.de <\/a>\n<\/span><\/p>\n","protected":false},"excerpt":{"rendered":"<p>Aktuelles aus dem Tanzuniversum Tanzkurs f\u00fcr Wiedereinsteiger ab Januar 2026 &#8211; Warteliste 1. &#8211; 25. August 2025: Erlangen tanzt Die Freizeitgruppe Tanzsport Siemens Erlangen Die Freizeitgruppe Tanzsport Siemens Erlangen wurde im Jahr 1958 gegr\u00fcndet. Wir trainieren im \u201eTanzkreis-Niveau&#8220; Basics, Sequenzen und Figuren aus den Standard- und Latein-T\u00e4nzen. Tanzen &#8211; die Umsetzung von Musik in harmonische [&hellip;]<\/p>\n","protected":false},"author":1,"featured_media":0,"parent":0,"menu_order":0,"comment_status":"closed","ping_status":"closed","template":"page-templates\/full-width.php","meta":{"footnotes":""},"class_list":["post-2","page","type-page","status-publish","hentry"],"_links":{"self":[{"href":"https:\/\/fgtss.de\/index.php?rest_route=\/wp\/v2\/pages\/2","targetHints":{"allow":["GET"]}}],"collection":[{"href":"https:\/\/fgtss.de\/index.php?rest_route=\/wp\/v2\/pages"}],"about":[{"href":"https:\/\/fgtss.de\/index.php?rest_route=\/wp\/v2\/types\/page"}],"author":[{"embeddable":true,"href":"https:\/\/fgtss.de\/index.php?rest_route=\/wp\/v2\/users\/1"}],"replies":[{"embeddable":true,"href":"https:\/\/fgtss.de\/index.php?rest_route=%2Fwp%2Fv2%2Fcomments&post=2"}],"version-history":[{"count":3,"href":"https:\/\/fgtss.de\/index.php?rest_route=\/wp\/v2\/pages\/2\/revisions"}],"predecessor-version":[{"id":3486,"href":"https:\/\/fgtss.de\/index.php?rest_route=\/wp\/v2\/pages\/2\/revisions\/3486"}],"wp:attachment":[{"href":"https:\/\/fgtss.de\/index.php?rest_route=%2Fwp%2Fv2%2Fmedia&parent=2"}],"curies":[{"name":"wp","href":"https:\/\/api.w.org\/{rel}","templated":true}]}}